95
What is the greatest common factor of 30326130 and 459?
459
What is the highest common factor of 576 and 38136672?
288
Calculate the greatest common factor of 3653438 and 842.
842
Calculate the highest common factor of 370409 and 31798.
13
What is the greatest common divisor of 752866 and 7874?
62
Calculate the greatest common divisor of 478611552 and 19296.
6432
Calculate the highest common divisor of 64730 and 14710.
10
Calculate the highest common divisor of 5578 and 21832.
2
Calculate the greatest common factor of 241670 and 2970.
110
What is the highest common divisor of 42593018 and 7592?
1898
Calculate the highest common divisor of 159744 and 67418.
26
What is the greatest common factor of 307390 and 212695?
295
Calculate the highest common divisor of 58101662 and 8110.
1622
Calculate the greatest common factor of 1768557 and 3632454.
4767
What is the greatest common divisor of 718601 and 2236130?
2171
What is the greatest common factor of 19551308 and 32?
4
What is the highest common divisor of 588765 and 1965?
15
Calculate the highest common divisor of 243865 and 1589160.
1615
What is the greatest common factor of 111944 and 13664?
56
Calculate the greatest common factor of 21424 and 24778.
26
What is the highest common divisor of 25 and 2946719?
1
What is the greatest common divisor of 708304 and 1936?
16
Calculate the greatest common factor of 105 and 34986945.
105
What is the greatest common divisor of 54 and 3305070?
54
What is the greatest common factor of 3481210 and 1081770?
3370
What is the greatest common factor of 3386 and 1796985753?
1693
What is the greatest common factor of 20008 and 392?
8
Calculate the greatest common divisor of 928 and 1946654.
58
Calculate the greatest common divisor of 14377 and 6875.
11
What is the greatest common factor of 144 and 32900112?
144
What is the greatest common factor of 495 and 560727?
9
Calculate the highest common divisor of 156031775 and 9118.
4559
What is the greatest common factor of 7348984 and 744?
248
What is the greatest common divisor of 194734772 and 17456?
4364
What is the greatest common divisor of 24171 and 116508?
21
Calculate the greatest common factor of 20 and 112607355.
5
Calculate the highest common factor of 656 and 24553608.
8
Calculate the greatest common divisor of 17194930 and 20.
10
Calculate the greatest common factor of 2312970 and 11462.
22
What is the highest common divisor of 3352 and 1462729?
419
Calculate the highest common factor of 53949 and 36897.
147
Calculate the greatest common divisor of 510668 and 107156.
172
What is the highest common divisor of 85 and 6799541?
17
Calculate the greatest common divisor of 65 and 2264665.
65
What is the greatest common divisor of 8163113 and 371?
371
Calculate the highest common divisor of 351918 and 8778.
798
Calculate the highest common factor of 18109430 and 7160.
1790
Calculate the highest common factor of 8447718 and 1962.
654
Calculate the highest common factor of 1860 and 740.
20
What is the greatest common divisor of 123 and 10808871?
123
What is the highest common factor of 132710585 and 63784?
7973
What is the greatest common divisor of 2952 and 51823672?
328
Calculate the highest common divisor of 87640454 and 286.
22
Calculate the greatest common factor of 63676646 and 30890.
6178
Calculate the highest common divisor of 4392401 and 2938.
13
What is the greatest common divisor of 13063808 and 128?
128
Calculate the greatest common factor of 363349 and 889.
7
Calculate the greatest common divisor of 1308 and 145348448.
436
Calculate the highest common divisor of 10 and 1756226.
2
What is the highest common factor of 1148 and 1047548?
4
What is the highest common divisor of 332 and 72309517?
83
What is the highest common factor of 24178 and 158324138?
2198
Calculate the highest common factor of 64 and 2848322368.
64
What is the greatest common factor of 590319 and 6741?
963
What is the greatest common factor of 1005 and 5085099000?
1005
What is the greatest common factor of 6548 and 23952?
4
Calculate the greatest common divisor of 87395920 and 1037.
61
Calculate the greatest common divisor of 4800 and 8876800.
1600
What is the greatest common divisor of 180 and 243271920?
60
What is the highest common factor of 546448 and 194684?
476
What is the greatest common factor of 45036 and 4214916?
324
What is the highest common factor of 59488910 and 60?
10
What is the highest common factor of 67000 and 452840?
40
Calculate the highest common factor of 801280875 and 375.
375
Calculate the highest common divisor of 23122720 and 16.
16
What is the highest common divisor of 391 and 18122?
17
What is the greatest common factor of 3948602 and 47684?
1834
What is the greatest common factor of 8472 and 277332?
12
Calculate the greatest common divisor of 640100 and 16.
4
Calculate the greatest common factor of 2699543 and 308.
77
What is the highest common divisor of 23678912 and 64?
64
Calculate the greatest common divisor of 2 and 656724526.
2
Calculate the greatest common factor of 1320 and 13521552.
264
Calculate the greatest common factor of 6041 and 448952.
7
What is the greatest common divisor of 742165596 and 108?
36
Calculate the greatest common divisor of 698 and 57874321.
349
Calculate the highest common divisor of 3199 and 62118182.
3199
Calculate the greatest common factor of 113059 and 1068983.
677
Calculate the highest common divisor of 50183833 and 2349.
29
What is the highest common factor of 5188 and 285148?
4
What is the highest common factor of 58 and 130381912?
58
What is the greatest common factor of 640 and 3815400?
40
What is the greatest common factor of 330 and 13910710?
110
Calculate the highest common divisor of 2998224 and 49632.
2256
Calculate the highest common factor of 45192 and 226128.
168
What is the highest common factor of 86 and 55048256?
86
What is the greatest common factor of 245685583 and 38324?
9581
Calculate the highest common divisor of 9465 and 2798485.
3155
What is the highest common divisor of 332856 and 389988?
2484
Calculate the highest common factor of 180 and 4841190.
90
What is the highest common divisor of 1175349 and 4616?
577
What is the highest common divisor of 57826 and 96178596?
1994
What is the highest common factor of 131894193 and 3?
3
What is the highest common factor of 9890678 and 618?
206
What is the greatest common divisor of 145 and 10788715?
5
Calculate the greatest common factor of 1472 and 449378416.
368
Calculate the greatest common divisor of 7362 and 133999443.
3681
Calculate the greatest common factor of 153 and 279639.
9
What is the highest common factor of 6248 and 25813896?
568
What is the greatest common factor of 120 and 5547400?
40
What is the highest common divisor of 143616 and 1635216?
528
Calculate the greatest common factor of 11217647 and 2246.
1123
What is the highest common factor of 21494192 and 4?
4
What is the greatest common divisor of 1125483147 and 27?
27
What is the highest common divisor of 144 and 4930983?
9
What is the highest common factor of 100040 and 536800?
2440
What is the greatest common divisor of 1025 and 9014260?
205
What is the highest common divisor of 7630 and 2037755?
545
Calculate the greatest common factor of 8230 and 100850.
10
What is the highest common factor of 14740792 and 20746?
506
What is the greatest common divisor of 32024 and 2856?
8
Calculate the highest common factor of 589 and 24550977.
31
What is the highest common divisor of 616143 and 18645?
33
What is the greatest common divisor of 106484 and 15092?
28
What is the highest common factor of 817 and 1248247?
43
What is the greatest common factor of 1751022 and 129402?
1638
What is the highest common divisor of 123199 and 272?
17
Calculate the highest common factor of 54 and 313138.
2
What is the highest common divisor of 1920 and 51718400?
640
What is the greatest common divisor of 86686 and 37558?
178
What is the greatest common factor of 189684 and 71850?
2874
What is the greatest common factor of 14164706 and 9612?
178
Calculate the highest common factor of 776303 and 12276.
11
What is the greatest common divisor of 4465 and 18871465?
95
Calculate the highest common factor of 4960 and 1554080.
160
Calculate the greatest common fac